-2?
-205550133
In base 14, what is -6b3b9 + -238?
-6b613
In base 14, what is 2d33 + 10?
2d43
In base 16, what is 181 + -2c6c9?
-2c548
In base 7, what is -2115 - -50565?
45450
In base 14, what is -11c68 + 1b9?
-11a8d
In base 2, what is -11101011 - -10010101101011100?
10010101001110001
In base 14, what is -93 - 22a00?
-22a93
In base 13, what is 1 + -4c4138?
-4c4137
In base 14, what is 339b - 1978?
1823
In base 11, what is 14000 - -2130?
16130
In base 13, what is -1598ac0 + 4?
-1598ab9
In base 9, what is 4261006 - -4?
4261011
In base 13, what is -21864305 - 0?
-21864305
In base 9, what is 25 + -3468631?
-3468605
In base 8, what is -24 - -50223267?
50223243
In base 12, what is -34710b71 + -5?
-34710b76
In base 15, what is -83cae4 + -13?
-83cb07
In base 6, what is 124103 + 2132013?
2300120
In base 11, what is -38048 + -3?
-38050
In base 11, what is 8258452 - -8?
825845a
In base 13, what is -a51 - -4816c?
4741b
In base 10, what is 987 - 310?
677
In base 10, what is 150966436 + 2?
150966438
In base 2, what is 1010 - 1010101011101101101?
-1010101011101100011
In base 3, what is 10 - -2211111120011?
2211111120021
In base 9, what is 28118220 - 3?
28118216
In base 16, what is 8cd + 289?
b56
In base 16, what is 5 + -512b2f?
-512b2a
In base 8, what is 10130172 - -50?
10130242
In base 13, what is 10ab + -a7a10?
-a6932
In base 5, what is -102130 + -10403?
-113033
In base 3, what is -112110112202022 - 221?
-112110112210020
In base 3, what is -11212221 + 100222?
-11111222
In base 16, what is -9d + 4f41?
4ea4
In base 3, what is -2202020 - 12002220?
-21212010
In base 8, what is -166551724 - -3?
-166551721
In base 5, what is 10 + 333144332?
333144342
In base 7, what is -4336532 + -5?
-4336540
In base 3, what is 11210001020221 - -1?
11210001020222
In base 16, what is 49e96 - 88?
49e0e
In base 6, what is -3 - -41323314111?
41323314104
In base 4, what is -13 - -23201122330212?
23201122330133
In base 11, what is 414a723 + -5?
414a719
In base 2, what is 1101 + 1001001010101101110011110?
1001001010101101110101011
In base 11, what is 0 - -6a805638?
6a805638
In base 5, what is -1240240113131 - -10?
-1240240113121
In base 2, what is 101111110011000100 - 101?
101111110010111111
In base 2, what is 11001001110100011000110101101 - 101?
11001001110100011000110101000
In base 13, what is 2 - -352a5b8?
352a5ba
In base 7, what is 221522 + -1205?
220314
In base 6, what is 43 - 2134101?
-2134014
In base 10, what is -1808 - -39482?
37674
In base 6, what is 2130310 - 0?
2130310
In base 4, what is -1021111121 - 10?
-1021111131
In base 13, what is -a6a07c5 - 3?
-a6a07c8
In base 13, what is 6bc + -25909?
-2521a
In base 9, what is 187 - 1458487?
-1458300
In base 4, what is 22 + -130333310?
-130333222
In base 15, what is -6886e6 + -b8?
-6887ae
In base 10, what is 7147957 + 59?
7148016
In base 16, what is ad - -57a1f?
57acc
In base 4, what is -1 + -2320303310111?
-2320303310112
In base 15, what is 1 - 31a4b7?
-31a4b6
In base 16, what is 52b7c83 - -5?
52b7c88
In base 9, what is 22844675 - -27?
22844713
In base 4, what is -313213 - 122010301?
-122330120
In base 12, what is -8ba7 - -375?
-8832
In base 3, what is -20 - 220120201212211?
-220120201220001
In base 9, what is -5 - 1158130?
-1158135
In base 11, what is -4a - 37512?
-37561
In base 6, what is 353541 - 5250?
344251
In base 6, what is 1 - 5142020324?
-5142020323
In base 16, what is 5 - -273d33f?
273d344
In base 8, what is 7274 + 2503?
11777
In base 10, what is 248442 + 21?
248463
In base 3, what is 1022101000111 + 1202?
1022101002020
In base 4, what is -13003130112 - -23?
-13003130023
In base 12, what is 31 + -1170105?
-1170094
In base 14, what is -215 - -38983?
3876c
In base 3, what is -20002022 - 1102122?
-21111221
In base 4, what is -23030231 - -11321?
-23012310
In base 4, what is 230 - 2021320201?
-2021313311
In base 11, what is 418331 - -7?
418338
In base 13, what is 23c8350c - 1?
23c8350b
In base 11, what is -2 + -1a537186?
-1a537188
In base 2, what is 1001011 - 100000110101001011?
-100000110100000000
In base 13, what is -8 - 2486305?
-2486310
In base 15, what is 5c - 1acc?
-1a70
In base 4, what is -2210120332 - 300?
-2210121232
In base 11, what is 3267318 + -a?
3267309
In base 12, what is -205468a + 0?
-205468a
In base 2, what is -101100111001111011000 + -100?
-101100111001111011100
In base 4, what is -101320 + 2231121?
2123201
In base 3, what is 12100120120 - 1211?
12100111202
In base 6, what is 111443 - 1043114?
-531231
In base 6, what is -4 + 3315454?
3315450
In base 10, what is -68 + -288661?
-288729
In base 7, what is 54664234 - -2?
54664236
In base 4, what is -21012232 + 1101?
-21011131
In base 5, what is 310 - 14404303?
-14403443
In base 8, what is 356446 + 47?
356515
In base 2, what is 110010101000 - -1001101011011?
10000000000011
In base 3, what is 111 + -2011122020122?
-2011122020011
In base 5, what is -1342431 - 43?
-1343024
In base 5, what is 13030 + 1123123?
1141203
In base 4, what is -11020 - -2131212222?
2131201202
In base 10, what is -9421271 - -9?
-9421262
In base 11, what is -3 - -42931a0?
4293198
In base 15, what is 42c + 1c411e?
1c454b
In base 3, what is -1010022022222 - 2?
-1010022100001
In base 4, what is 11321132 - -130321?
12112113
In base 14, what is -74 - -9291a?
92886
In base 2, what is 101 - 1011000100000111110010000?
-1011000100000111110001011
In base 3, what is 22011120 + -101011?
21210102
In base 14, what is 3c3a + -5c?
3bbc
In base 16, what is -e36 + 1592?
75c
In base 10, what is -403071 + 104?
-402967
In base 6, what is 11002343332 + -2?
11002343330
In base 16, what is -2c6 - -4d13?
4a4d
In base 2, what is 10000100110110011 - 1001001?
10000100101101010
In base 15, what is -26792 - -4?
-2678d
In base 9, what is -22 + 14168?
14146
In base 3, what is 10111002222 + -100110?
10110202112
In base 13, what is a8c78 + -107?
a8b71
In base 7, what is 1212210255 + -3?
1212210252
In base 5, what is -101004303110 - -21?
-101004303034
In base 13, what is 1a41c61c + -2?
1a41c61a
In base 16, what is -2 - 2b37d2b?
-2b37d2d
In base 10, what is 1617 + -307039?
-305422
In base 14, what is 1 + -198ba0?
-198b9d
In base 8, what is -740155 - 137?
-740314
In base 14, what is -2b84 - 26cc?
-5472
In base 14, what is 11b - 87?
74
In base 16, what is 26da869 + -3?
26da866
In base 12, what is -29 - 2a196?
-2a203
In base 13, what is -110b6151 - -3?
-110b614b
In base 4, what is -1020201 - 120121313?
-121202120
In base 8, what is 2573 + 1072410?
1075203
In base 15, what is -3 - -175e127?
175e124
In base 4, what is -3211222033 + -1011?
-3211223110
In base 15, what is -1831 - -29c?
-1584
In base 5, what is 3020 + -134200343?
-134142323
In base 6, what is 52 + 543523503?
543523555
In base 9, what is -3 - -758126?
758123
In base 14, what is 146 - -94335?
9447b
In base 4, what is -1113200 + 113223?
-333311
In base 14, what is 1474 - -a30?
20a4
In base 12, what is 28a08 + -11a2?
27826
In base 8, what is 21 + 12661361?
12661402
In base 2, what is -111000111100110100110 + 100001?
-111000111100110000101
In base 13, what is a + -970291?
-970284
In base 14, what is -3 + -ba7473?
-ba7476
In base 16, what is ba0c + -11c?
b8f0
In base 3, what is 12020110010122 - 12?
12020110010110
In base 14, what is 47a5dd - -5?
47a604
In base 5, what is -14023 + -31124234?
-31143312
In base 8, what is 365610044 + 1?
365610045
In base 11, what is a5a0063 + 1?
a5a0064
In base 14, what is -49a443c - 4?
-49a4442
In base 6, what is 2311 + 5023431?
5030142
In base 3, what is -12 + -202000001021202?
-202000001021221
In base 11, what is -13a23895 + -1?
-13a23896
In base 4, what is 13021202 + 20021?
13101223
In base 5, what is 121243 + -13121?
103122
In base 9, what is -13 + -14811824?
-14811837
In base 14, what is -3b - -1b26c?
1b231
In base 15, what is -53020a + 0?
-53020a
In base 9, what is 1021827 + 11?
1021838
In base 6, what is 0 - 4422001545?
-4422001545
In base 14, what is 62836ad + 5?
62836b4
In base 12, what is 2 - 3a53b0?
-3a53aa
In base 7, what is 1530106 - 15?
1530061
In base 8, what is -3427 + -36114?
-41543
In base 4, what is 1221203111132 - 11?
1221203111121
In base 4, what is 22212002030 + 0?
22212002030
In base 10, what is 2198630 - 293?
2198337
In base 2, what is 1101011011011 + 11000011001?
10000011110100
In base 6, what is 1334503003 + 1?
13345